{"id":225,"date":"2022-12-19T11:11:48","date_gmt":"2022-12-19T11:11:48","guid":{"rendered":"https:\/\/www.anita-flamenco.fr\/?page_id=225"},"modified":"2025-08-02T18:48:04","modified_gmt":"2025-08-02T18:48:04","slug":"prestations-scolaires","status":"publish","type":"page","link":"https:\/\/www.anita-flamenco.fr\/index.php\/prestations-scolaires\/","title":{"rendered":"Prestations scolaires"},"content":{"rendered":"\t\t<div data-elementor-type=\"wp-page\" data-elementor-id=\"225\" class=\"elementor elementor-225\" data-elementor-post-type=\"page\">\n\t\t\t\t\t\t<section class=\"elementor-section elementor-top-section elementor-element elementor-element-183db8a elementor-section-boxed elementor-section-height-default elementor-section-height-default parallax_section_no qode_elementor_container_no\" data-id=\"183db8a\" data-element_type=\"section\" data-e-type=\"section\">\n\t\t\t\t\t\t<div class=\"elementor-container elementor-column-gap-default\">\n\t\t\t\t\t<div class=\"elementor-column elementor-col-100 elementor-top-column elementor-element elementor-element-5d6f09d\" data-id=\"5d6f09d\" data-element_type=\"column\" data-e-type=\"column\">\n\t\t\t<div class=\"elementor-widget-wrap elementor-element-populated\">\n\t\t\t\t\t\t<div class=\"elementor-element elementor-element-36a65d4 elementor-widget elementor-widget-text-editor\" data-id=\"36a65d4\" data-element_type=\"widget\" data-e-type=\"widget\" data-widget_type=\"text-editor.default\">\n\t\t\t\t<div class=\"elementor-widget-container\">\n\t\t\t\t\t\t\t\t\t<h1>PRESTATIONS SCOLAIRES: COLL\u00c8GES ET LYC\u00c9ES<\/h1>\t\t\t\t\t\t\t\t<\/div>\n\t\t\t\t<\/div>\n\t\t\t\t\t<\/div>\n\t\t<\/div>\n\t\t\t\t\t<\/div>\n\t\t<\/section>\n\t\t\t\t<section class=\"elementor-section elementor-top-section elementor-element elementor-element-c1bc725 elementor-section-boxed elementor-section-height-default elementor-section-height-default parallax_section_no qode_elementor_container_no\" data-id=\"c1bc725\" data-element_type=\"section\" data-e-type=\"section\">\n\t\t\t\t\t\t<div class=\"elementor-container elementor-column-gap-default\">\n\t\t\t\t\t<div class=\"elementor-column elementor-col-100 elementor-top-column elementor-element elementor-element-65a4d8b\" data-id=\"65a4d8b\" data-element_type=\"column\" data-e-type=\"column\">\n\t\t\t<div class=\"elementor-widget-wrap elementor-element-populated\">\n\t\t\t\t\t\t<div class=\"elementor-element elementor-element-5eb13a0 elementor-widget elementor-widget-text-editor\" data-id=\"5eb13a0\" data-element_type=\"widget\" data-e-type=\"widget\" data-widget_type=\"text-editor.default\">\n\t\t\t\t<div class=\"elementor-widget-container\">\n\t\t\t\t\t\t\t\t\t<p class=\"p1\">Anita Hernandez intervient dans les \u00e9tablissements scolaires pour pr\u00e9senter un spectacle de \u00ab Tablao Flamenco \u00bb afin de faire d\u00e9couvrir aux \u00e9l\u00e8ves la culture flamenca dans son format traditionnel et authentique.<br \/><br \/><\/p><p>Le spectacle est suivi d&rsquo;un temps de rencontre entre les artistes et les \u00e9l\u00e8ves.<br \/><br \/><\/p><p>Lors du d\u00e9bat, les \u00e9l\u00e8ves peuvent poser leurs questions aux artistes : <br \/><br \/>&#8211; sur ce qu&rsquo;ils viennent de voir et entendre<br \/>&#8211; sur la danse, la musique, les instruments <br \/>&#8211; l&rsquo;histoire et les origines du flamenco <br \/>&#8211; sur leurs diff\u00e9rents parcours artistiques, leur vie d&rsquo;artistes etc&#8230;<\/p>\t\t\t\t\t\t\t\t<\/div>\n\t\t\t\t<\/div>\n\t\t\t\t\t<\/div>\n\t\t<\/div>\n\t\t\t\t\t<\/div>\n\t\t<\/section>\n\t\t\t\t<section class=\"elementor-section elementor-top-section elementor-element elementor-element-e16ed47 elementor-section-boxed elementor-section-height-default elementor-section-height-default parallax_section_no qode_elementor_container_no\" data-id=\"e16ed47\" data-element_type=\"section\" data-e-type=\"section\">\n\t\t\t\t\t\t<div class=\"elementor-container elementor-column-gap-default\">\n\t\t\t\t\t<div class=\"elementor-column elementor-col-100 elementor-top-column elementor-element elementor-element-752c919\" data-id=\"752c919\" data-element_type=\"column\" data-e-type=\"column\">\n\t\t\t<div class=\"elementor-widget-wrap elementor-element-populated\">\n\t\t\t\t\t\t<div class=\"elementor-element elementor-element-3fe0732 elementor-widget elementor-widget-text-editor\" data-id=\"3fe0732\" data-element_type=\"widget\" data-e-type=\"widget\" data-widget_type=\"text-editor.default\">\n\t\t\t\t<div class=\"elementor-widget-container\">\n\t\t\t\t\t\t\t\t\t<p class=\"p1\">Anita Hernandez propose \u00e9galement des ateliers avec un guitariste pour aborder les diff\u00e9rents aspects<b> <\/b>culturels du Flamenco et sa pratique.<br \/><br \/><\/p><p class=\"p1\">Lors de ces ateliers, elle pr\u00e9sente les instruments et aborde la pratique du Compas (rythme) qui est indispensable pour comprendre le flamenco, elle passe par des exercices de palmas ( frappes de mains rythm\u00e9es) et d\u2019accompagnement de la guitare , du chant et de la danse :<\/p><p class=\"p1\">12 temps, 4 temps, 3 temps avec les particularit\u00e9s et variantes pour chaque palo (style).<\/p><p class=\"p1\">Les 2 intervenants apportent des explications sur les structures musicales et d\u00e9veloppent la<\/p><p class=\"p1\">connaissance du langage musical du \u00ab Flamenco \u00bb, exemple :<\/p><p class=\"p1\"><i>\u00a0 \u00a0 \u00a0 \u00a0 \u00a0Llamada, letra, remate, respiro, tapao, escobilla,\u2026<\/i><\/p><p class=\"p1\">Ils \u00e9coutent diff\u00e9rents palos ( styles, il en existe de nombreux ) pour se familiariser avec les<\/p><p class=\"p1\">sonorit\u00e9s du flamenco et sa diversit\u00e9 :\u00a0<br \/><br \/><\/p><p class=\"p1\"><i>\u00a0 \u00a0 Soleares, Solea por Buleria,Alegrias, Seguiriyas, Tangos, Tientos, Tarantos,<\/i><\/p><p class=\"p1\"><i>\u00a0 \u00a0Fandangos,Bulerias, Colombianas, Farruca, Guajira, Ca\u00f1as,etc<\/i>.<\/p><p class=\"p1\"><br \/>Ils pratiques quelques pas de danse tr\u00e8s accessibles pour comprendre la structure de base : comment<\/p><p class=\"p1\">fonctionne la musique, la danse et le chant entre eux.<br \/><br \/><\/p><p class=\"p1\">Cet initiation au flamenco et la pratique du Chant et des Palmas avec la guitare permet de d\u00e9velopper leur oreille musicale des \u00e9l\u00e8ves.<\/p><p class=\"p1\">Il faut savoir que la pratique musicale est de moins en moins rencontr\u00e9e chez les coll\u00e9giens.<\/p><p class=\"p1\"><br \/>Le flamenco est un art o\u00f9 chacun trouve sa place : aficionados, amateurs ou professionnels, d\u00e9butant ou confirm\u00e9 : musiciens, chanteurs, danseurs. L\u2019essentiel est de partager tous ensemble cet Art qu\u2019est le flamenco.<\/p><p class=\"p1\"><br \/><br \/><\/p>\t\t\t\t\t\t\t\t<\/div>\n\t\t\t\t<\/div>\n\t\t\t\t\t<\/div>\n\t\t<\/div>\n\t\t\t\t\t<\/div>\n\t\t<\/section>\n\t\t\t\t<section class=\"elementor-section elementor-top-section elementor-element elementor-element-11a9102 elementor-section-boxed elementor-section-height-default elementor-section-height-default parallax_section_no qode_elementor_container_no\" data-id=\"11a9102\" data-element_type=\"section\" data-e-type=\"section\">\n\t\t\t\t\t\t<div class=\"elementor-container elementor-column-gap-default\">\n\t\t\t\t\t<div class=\"elementor-column elementor-col-100 elementor-top-column elementor-element elementor-element-7cc625e\" data-id=\"7cc625e\" data-element_type=\"column\" data-e-type=\"column\">\n\t\t\t<div class=\"elementor-widget-wrap elementor-element-populated\">\n\t\t\t\t\t\t<div class=\"elementor-element elementor-element-523d147 elementor-widget elementor-widget-text-editor\" data-id=\"523d147\" data-element_type=\"widget\" data-e-type=\"widget\" data-widget_type=\"text-editor.default\">\n\t\t\t\t<div class=\"elementor-widget-container\">\n\t\t\t\t\t\t\t\t\t<p class=\"p1\"><b>Les objectifs essentiels :<\/b><\/p>\t\t\t\t\t\t\t\t<\/div>\n\t\t\t\t<\/div>\n\t\t\t\t<div class=\"elementor-element elementor-element-188773f elementor-widget elementor-widget-text-editor\" data-id=\"188773f\" data-element_type=\"widget\" data-e-type=\"widget\" data-widget_type=\"text-editor.default\">\n\t\t\t\t<div class=\"elementor-widget-container\">\n\t\t\t\t\t\t\t\t\t<p class=\"p1\">\n<\/p>\n<p class=\"p2\">&#8211; Dynamiser l\u2019apprentissage de la langue espagnole en amenant une approche vivante et concr\u00e8te,<\/p>\n<p class=\"p2\">&#8211; valoriser l\u2019individu dans ses capacit\u00e9s et potentiels : estime de soi.<\/p>\n<p class=\"p2\">&#8211; Amener un outil et un mode d\u2019expression diff\u00e9rent et potentiellement plus facile \u00e0 saisir<\/p>\n<p class=\"p2\">pour les \u00e9l\u00e8ves en d\u00e9crochage scolaire.<\/p>\n<p class=\"p2\">&#8211; susciter l\u2019int\u00e9r\u00eat pour les arts et leur pratique en g\u00e9n\u00e9ral et faire d\u00e9couvrir un patrimoine le<\/p>\n<p class=\"p2\">flamenco en particulier (art, inscrit au patrimoine immat\u00e9riel de l\u2019humanit\u00e9 \u00e0 L\u2019UNESCO<\/p>\t\t\t\t\t\t\t\t<\/div>\n\t\t\t\t<\/div>\n\t\t\t\t\t<\/div>\n\t\t<\/div>\n\t\t\t\t\t<\/div>\n\t\t<\/section>\n\t\t\t\t<\/div>\n\t\t","protected":false},"excerpt":{"rendered":"<p>PRESTATIONS SCOLAIRES: COLL\u00c8GES ET LYC\u00c9ES Anita Hernandez intervient dans les \u00e9tablissements scolaires pour pr\u00e9senter un spectacle de \u00ab Tablao Flamenco \u00bb afin de faire d\u00e9couvrir aux \u00e9l\u00e8ves la culture flamenca dans son format traditionnel et authentique. Le spectacle est suivi d&rsquo;un temps de rencontre entre&#8230;<\/p>\n","protected":false},"author":1,"featured_media":0,"parent":0,"menu_order":0,"comment_status":"closed","ping_status":"closed","template":"","meta":{"footnotes":""},"class_list":["post-225","page","type-page","status-publish","hentry"],"_links":{"self":[{"href":"https:\/\/www.anita-flamenco.fr\/index.php\/wp-json\/wp\/v2\/pages\/225","targetHints":{"allow":["GET"]}}],"collection":[{"href":"https:\/\/www.anita-flamenco.fr\/index.php\/wp-json\/wp\/v2\/pages"}],"about":[{"href":"https:\/\/www.anita-flamenco.fr\/index.php\/wp-json\/wp\/v2\/types\/page"}],"author":[{"embeddable":true,"href":"https:\/\/www.anita-flamenco.fr\/index.php\/wp-json\/wp\/v2\/users\/1"}],"replies":[{"embeddable":true,"href":"https:\/\/www.anita-flamenco.fr\/index.php\/wp-json\/wp\/v2\/comments?post=225"}],"version-history":[{"count":39,"href":"https:\/\/www.anita-flamenco.fr\/index.php\/wp-json\/wp\/v2\/pages\/225\/revisions"}],"predecessor-version":[{"id":549,"href":"https:\/\/www.anita-flamenco.fr\/index.php\/wp-json\/wp\/v2\/pages\/225\/revisions\/549"}],"wp:attachment":[{"href":"https:\/\/www.anita-flamenco.fr\/index.php\/wp-json\/wp\/v2\/media?parent=225"}],"curies":[{"name":"wp","href":"https:\/\/api.w.org\/{rel}","templated":true}]}}

<div data-elementor-type="wp-page" data-elementor-id="225" class="elementor elementor-225" data-elementor-post-type="page">
						<section class="elementor-section elementor-top-section elementor-element elementor-element-183db8a elementor-section-boxed elementor-section-height-default elementor-section-height-default parallax_section_no qode_elementor_container_no" data-id="183db8a" data-element_type="section" data-e-type="section">
						<div class="elementor-container elementor-column-gap-default">
					<div class="elementor-column elementor-col-100 elementor-top-column elementor-element elementor-element-5d6f09d" data-id="5d6f09d" data-element_type="column" data-e-type="column">
			<div class="elementor-widget-wrap elementor-element-populated">
						<div class="elementor-element elementor-element-36a65d4 elementor-widget elementor-widget-text-editor" data-id="36a65d4" data-element_type="widget" data-e-type="widget" data-widget_type="text-editor.default">
				<div class="elementor-widget-container">
									<h1>PRESTATIONS SCOLAIRES: COLLÈGES ET LYCÉES</h1>								</div>
				</div>
					</div>
		</div>
					</div>
		</section>
				<section class="elementor-section elementor-top-section elementor-element elementor-element-c1bc725 elementor-section-boxed elementor-section-height-default elementor-section-height-default parallax_section_no qode_elementor_container_no" data-id="c1bc725" data-element_type="section" data-e-type="section">
						<div class="elementor-container elementor-column-gap-default">
					<div class="elementor-column elementor-col-100 elementor-top-column elementor-element elementor-element-65a4d8b" data-id="65a4d8b" data-element_type="column" data-e-type="column">
			<div class="elementor-widget-wrap elementor-element-populated">
						<div class="elementor-element elementor-element-5eb13a0 elementor-widget elementor-widget-text-editor" data-id="5eb13a0" data-element_type="widget" data-e-type="widget" data-widget_type="text-editor.default">
				<div class="elementor-widget-container">
									<p class="p1">Anita Hernandez intervient dans les établissements scolaires pour présenter un spectacle de « Tablao Flamenco » afin de faire découvrir aux élèves la culture flamenca dans son format traditionnel et authentique.<br /><br /></p><p>Le spectacle est suivi d&rsquo;un temps de rencontre entre les artistes et les élèves.<br /><br /></p><p>Lors du débat, les élèves peuvent poser leurs questions aux artistes : <br /><br />&#8211; sur ce qu&rsquo;ils viennent de voir et entendre<br />&#8211; sur la danse, la musique, les instruments <br />&#8211; l&rsquo;histoire et les origines du flamenco <br />&#8211; sur leurs différents parcours artistiques, leur vie d&rsquo;artistes etc&#8230;</p>								</div>
				</div>
					</div>
		</div>
					</div>
		</section>
				<section class="elementor-section elementor-top-section elementor-element elementor-element-e16ed47 elementor-section-boxed elementor-section-height-default elementor-section-height-default parallax_section_no qode_elementor_container_no" data-id="e16ed47" data-element_type="section" data-e-type="section">
						<div class="elementor-container elementor-column-gap-default">
					<div class="elementor-column elementor-col-100 elementor-top-column elementor-element elementor-element-752c919" data-id="752c919" data-element_type="column" data-e-type="column">
			<div class="elementor-widget-wrap elementor-element-populated">
						<div class="elementor-element elementor-element-3fe0732 elementor-widget elementor-widget-text-editor" data-id="3fe0732" data-element_type="widget" data-e-type="widget" data-widget_type="text-editor.default">
				<div class="elementor-widget-container">
									<p class="p1">Anita Hernandez propose également des ateliers avec un guitariste pour aborder les différents aspects<b> </b>culturels du Flamenco et sa pratique.<br /><br /></p><p class="p1">Lors de ces ateliers, elle présente les instruments et aborde la pratique du Compas (rythme) qui est indispensable pour comprendre le flamenco, elle passe par des exercices de palmas ( frappes de mains rythmées) et d’accompagnement de la guitare , du chant et de la danse :</p><p class="p1">12 temps, 4 temps, 3 temps avec les particularités et variantes pour chaque palo (style).</p><p class="p1">Les 2 intervenants apportent des explications sur les structures musicales et développent la</p><p class="p1">connaissance du langage musical du « Flamenco », exemple :</p><p class="p1"><i>         Llamada, letra, remate, respiro, tapao, escobilla,…</i></p><p class="p1">Ils écoutent différents palos ( styles, il en existe de nombreux ) pour se familiariser avec les</p><p class="p1">sonorités du flamenco et sa diversité : <br /><br /></p><p class="p1"><i>    Soleares, Solea por Buleria,Alegrias, Seguiriyas, Tangos, Tientos, Tarantos,</i></p><p class="p1"><i>   Fandangos,Bulerias, Colombianas, Farruca, Guajira, Cañas,etc</i>.</p><p class="p1"><br />Ils pratiques quelques pas de danse très accessibles pour comprendre la structure de base : comment</p><p class="p1">fonctionne la musique, la danse et le chant entre eux.<br /><br /></p><p class="p1">Cet initiation au flamenco et la pratique du Chant et des Palmas avec la guitare permet de développer leur oreille musicale des élèves.</p><p class="p1">Il faut savoir que la pratique musicale est de moins en moins rencontrée chez les collégiens.</p><p class="p1"><br />Le flamenco est un art où chacun trouve sa place : aficionados, amateurs ou professionnels, débutant ou confirmé : musiciens, chanteurs, danseurs. L’essentiel est de partager tous ensemble cet Art qu’est le flamenco.</p><p class="p1"><br /><br /></p>								</div>
				</div>
					</div>
		</div>
					</div>
		</section>
				<section class="elementor-section elementor-top-section elementor-element elementor-element-11a9102 elementor-section-boxed elementor-section-height-default elementor-section-height-default parallax_section_no qode_elementor_container_no" data-id="11a9102" data-element_type="section" data-e-type="section">
						<div class="elementor-container elementor-column-gap-default">
					<div class="elementor-column elementor-col-100 elementor-top-column elementor-element elementor-element-7cc625e" data-id="7cc625e" data-element_type="column" data-e-type="column">
			<div class="elementor-widget-wrap elementor-element-populated">
						<div class="elementor-element elementor-element-523d147 elementor-widget elementor-widget-text-editor" data-id="523d147" data-element_type="widget" data-e-type="widget" data-widget_type="text-editor.default">
				<div class="elementor-widget-container">
									<p class="p1"><b>Les objectifs essentiels :</b></p>								</div>
				</div>
				<div class="elementor-element elementor-element-188773f elementor-widget elementor-widget-text-editor" data-id="188773f" data-element_type="widget" data-e-type="widget" data-widget_type="text-editor.default">
				<div class="elementor-widget-container">
									<p class="p1">
</p>
<p class="p2">&#8211; Dynamiser l’apprentissage de la langue espagnole en amenant une approche vivante et concrète,</p>
<p class="p2">&#8211; valoriser l’individu dans ses capacités et potentiels : estime de soi.</p>
<p class="p2">&#8211; Amener un outil et un mode d’expression différent et potentiellement plus facile à saisir</p>
<p class="p2">pour les élèves en décrochage scolaire.</p>
<p class="p2">&#8211; susciter l’intérêt pour les arts et leur pratique en général et faire découvrir un patrimoine le</p>
<p class="p2">flamenco en particulier (art, inscrit au patrimoine immatériel de l’humanité à L’UNESCO</p>								</div>
				</div>
					</div>
		</div>
					</div>
		</section>
				</div>

<p>PRESTATIONS SCOLAIRES: COLLÈGES ET LYCÉES Anita Hernandez intervient dans les établissements scolaires pour présenter un spectacle de « Tablao Flamenco » afin de faire découvrir aux élèves la culture flamenca dans son format traditionnel et authentique. Le spectacle est suivi d&rsquo;un temps de rencontre entre&#8230;</p>
