{"id":228,"date":"2022-12-19T11:12:26","date_gmt":"2022-12-19T11:12:26","guid":{"rendered":"https:\/\/www.anita-flamenco.fr\/?page_id=228"},"modified":"2025-08-02T18:59:03","modified_gmt":"2025-08-02T18:59:03","slug":"ateliers-choregraphiques","status":"publish","type":"page","link":"https:\/\/www.anita-flamenco.fr\/index.php\/ateliers-choregraphiques\/","title":{"rendered":"Ateliers chor\u00e9graphiques"},"content":{"rendered":"\t\t<div data-elementor-type=\"wp-page\" data-elementor-id=\"228\" class=\"elementor elementor-228\" data-elementor-post-type=\"page\">\n\t\t\t\t\t\t<section class=\"elementor-section elementor-top-section elementor-element elementor-element-95c1155 elementor-section-boxed elementor-section-height-default elementor-section-height-default parallax_section_no qode_elementor_container_no\" data-id=\"95c1155\" data-element_type=\"section\" data-e-type=\"section\">\n\t\t\t\t\t\t<div class=\"elementor-container elementor-column-gap-default\">\n\t\t\t\t\t<div class=\"elementor-column elementor-col-100 elementor-top-column elementor-element elementor-element-769470c\" data-id=\"769470c\" data-element_type=\"column\" data-e-type=\"column\">\n\t\t\t<div class=\"elementor-widget-wrap elementor-element-populated\">\n\t\t\t\t\t\t<div class=\"elementor-element elementor-element-c1b29f9 elementor-widget elementor-widget-text-editor\" data-id=\"c1b29f9\" data-element_type=\"widget\" data-e-type=\"widget\" data-widget_type=\"text-editor.default\">\n\t\t\t\t<div class=\"elementor-widget-container\">\n\t\t\t\t\t\t\t\t\t<h1>ATELIERS CHOR\u00c9GRAPHIQUES<\/h1>\t\t\t\t\t\t\t\t<\/div>\n\t\t\t\t<\/div>\n\t\t\t\t\t<\/div>\n\t\t<\/div>\n\t\t\t\t\t<\/div>\n\t\t<\/section>\n\t\t\t\t<section class=\"elementor-section elementor-top-section elementor-element elementor-element-25c2629 elementor-section-boxed elementor-section-height-default elementor-section-height-default parallax_section_no qode_elementor_container_no\" data-id=\"25c2629\" data-element_type=\"section\" data-e-type=\"section\">\n\t\t\t\t\t\t<div class=\"elementor-container elementor-column-gap-default\">\n\t\t\t\t\t<div class=\"elementor-column elementor-col-33 elementor-top-column elementor-element elementor-element-bba808f\" data-id=\"bba808f\" data-element_type=\"column\" data-e-type=\"column\">\n\t\t\t<div class=\"elementor-widget-wrap elementor-element-populated\">\n\t\t\t\t\t\t<div class=\"elementor-element elementor-element-a533136 elementor-widget elementor-widget-image\" data-id=\"a533136\" data-element_type=\"widget\" data-e-type=\"widget\" data-widget_type=\"image.default\">\n\t\t\t\t<div class=\"elementor-widget-container\">\n\t\t\t\t\t\t\t\t\t\t\t\t\t\t\t<img fetchpriority=\"high\" decoding=\"async\" width=\"682\" height=\"1024\" src=\"https:\/\/www.anita-flamenco.fr\/wp-content\/uploads\/2025\/07\/86-682x1024.jpg\" class=\"attachment-large size-large wp-image-462\" alt=\"\" srcset=\"https:\/\/www.anita-flamenco.fr\/wp-content\/uploads\/2025\/07\/86-682x1024.jpg 682w, https:\/\/www.anita-flamenco.fr\/wp-content\/uploads\/2025\/07\/86-200x300.jpg 200w, https:\/\/www.anita-flamenco.fr\/wp-content\/uploads\/2025\/07\/86-768x1154.jpg 768w, https:\/\/www.anita-flamenco.fr\/wp-content\/uploads\/2025\/07\/86-1022x1536.jpg 1022w, https:\/\/www.anita-flamenco.fr\/wp-content\/uploads\/2025\/07\/86-1363x2048.jpg 1363w, https:\/\/www.anita-flamenco.fr\/wp-content\/uploads\/2025\/07\/86-700x1052.jpg 700w, https:\/\/www.anita-flamenco.fr\/wp-content\/uploads\/2025\/07\/86-scaled.jpg 1704w\" sizes=\"(max-width: 682px) 100vw, 682px\" \/>\t\t\t\t\t\t\t\t\t\t\t\t\t\t\t<\/div>\n\t\t\t\t<\/div>\n\t\t\t\t\t<\/div>\n\t\t<\/div>\n\t\t\t\t<div class=\"elementor-column elementor-col-33 elementor-top-column elementor-element elementor-element-0010a37\" data-id=\"0010a37\" data-element_type=\"column\" data-e-type=\"column\">\n\t\t\t<div class=\"elementor-widget-wrap elementor-element-populated\">\n\t\t\t\t\t\t<div class=\"elementor-element elementor-element-0efa35c elementor-widget elementor-widget-image\" data-id=\"0efa35c\" data-element_type=\"widget\" data-e-type=\"widget\" data-widget_type=\"image.default\">\n\t\t\t\t<div class=\"elementor-widget-container\">\n\t\t\t\t\t\t\t\t\t\t\t\t\t\t\t<img decoding=\"async\" width=\"1024\" height=\"682\" src=\"https:\/\/www.anita-flamenco.fr\/wp-content\/uploads\/2025\/07\/4-1024x682.jpg\" class=\"attachment-large size-large wp-image-461\" alt=\"\" srcset=\"https:\/\/www.anita-flamenco.fr\/wp-content\/uploads\/2025\/07\/4-1024x682.jpg 1024w, https:\/\/www.anita-flamenco.fr\/wp-content\/uploads\/2025\/07\/4-300x200.jpg 300w, https:\/\/www.anita-flamenco.fr\/wp-content\/uploads\/2025\/07\/4-768x511.jpg 768w, https:\/\/www.anita-flamenco.fr\/wp-content\/uploads\/2025\/07\/4-1536x1022.jpg 1536w, https:\/\/www.anita-flamenco.fr\/wp-content\/uploads\/2025\/07\/4-700x466.jpg 700w, https:\/\/www.anita-flamenco.fr\/wp-content\/uploads\/2025\/07\/4.jpg 2048w\" sizes=\"(max-width: 1024px) 100vw, 1024px\" \/>\t\t\t\t\t\t\t\t\t\t\t\t\t\t\t<\/div>\n\t\t\t\t<\/div>\n\t\t\t\t\t<\/div>\n\t\t<\/div>\n\t\t\t\t<div class=\"elementor-column elementor-col-33 elementor-top-column elementor-element elementor-element-547af50\" data-id=\"547af50\" data-element_type=\"column\" data-e-type=\"column\">\n\t\t\t<div class=\"elementor-widget-wrap elementor-element-populated\">\n\t\t\t\t\t\t<div class=\"elementor-element elementor-element-0a63679 elementor-widget elementor-widget-image\" data-id=\"0a63679\" data-element_type=\"widget\" data-e-type=\"widget\" data-widget_type=\"image.default\">\n\t\t\t\t<div class=\"elementor-widget-container\">\n\t\t\t\t\t\t\t\t\t\t\t\t\t\t\t<img decoding=\"async\" width=\"682\" height=\"1024\" src=\"https:\/\/www.anita-flamenco.fr\/wp-content\/uploads\/2025\/07\/12-682x1024.jpg\" class=\"attachment-large size-large wp-image-463\" alt=\"\" srcset=\"https:\/\/www.anita-flamenco.fr\/wp-content\/uploads\/2025\/07\/12-682x1024.jpg 682w, https:\/\/www.anita-flamenco.fr\/wp-content\/uploads\/2025\/07\/12-200x300.jpg 200w, https:\/\/www.anita-flamenco.fr\/wp-content\/uploads\/2025\/07\/12-768x1154.jpg 768w, https:\/\/www.anita-flamenco.fr\/wp-content\/uploads\/2025\/07\/12-1022x1536.jpg 1022w, https:\/\/www.anita-flamenco.fr\/wp-content\/uploads\/2025\/07\/12-700x1052.jpg 700w, https:\/\/www.anita-flamenco.fr\/wp-content\/uploads\/2025\/07\/12.jpg 1363w\" sizes=\"(max-width: 682px) 100vw, 682px\" \/>\t\t\t\t\t\t\t\t\t\t\t\t\t\t\t<\/div>\n\t\t\t\t<\/div>\n\t\t\t\t\t<\/div>\n\t\t<\/div>\n\t\t\t\t\t<\/div>\n\t\t<\/section>\n\t\t\t\t<section class=\"elementor-section elementor-top-section elementor-element elementor-element-9f40cf6 elementor-section-boxed elementor-section-height-default elementor-section-height-default parallax_section_no qode_elementor_container_no\" data-id=\"9f40cf6\" data-element_type=\"section\" data-e-type=\"section\">\n\t\t\t\t\t\t<div class=\"elementor-container elementor-column-gap-default\">\n\t\t\t\t\t<div class=\"elementor-column elementor-col-100 elementor-top-column elementor-element elementor-element-75f0666\" data-id=\"75f0666\" data-element_type=\"column\" data-e-type=\"column\">\n\t\t\t<div class=\"elementor-widget-wrap elementor-element-populated\">\n\t\t\t\t\t\t<div class=\"elementor-element elementor-element-cec44e7 elementor-widget elementor-widget-text-editor\" data-id=\"cec44e7\" data-element_type=\"widget\" data-e-type=\"widget\" data-widget_type=\"text-editor.default\">\n\t\t\t\t<div class=\"elementor-widget-container\">\n\t\t\t\t\t\t\t\t\t<p class=\"p1\">Anita Hernandez poursuit son parcours de chor\u00e9graphe en accompagnant tous les ans des groupes de danseurs et danseuses amateurs qui se produisent en spectacle pour leur loisir et lui renouvellent leur confiance pour cr\u00e9er des chor\u00e9graphies.<br \/><br \/>Elle partage ainsi ses chor\u00e9graphie et son savoir technique avec tous ceux et celles qui se passionnent pour le Flamenco.<br \/><br \/>Au del\u00e0 du partage de la danse et des chor\u00e9graphies, Anita fait de chaque r\u00e9p\u00e9tition un moment de plaisir o\u00f9 chacun trouve sa place et b\u00e9n\u00e9ficie de ses conseilles par une approche m\u00ealant respect, exigence et encouragements.<br \/><br \/>Le spectacle est toujours de qualit\u00e9 et se vit dans la joie, la bonne humeur et la solidarit\u00e9, c&rsquo;est une exp\u00e9rience humaine \u00e9panouissante et enrichissante.<\/p>\t\t\t\t\t\t\t\t<\/div>\n\t\t\t\t<\/div>\n\t\t\t\t\t<\/div>\n\t\t<\/div>\n\t\t\t\t\t<\/div>\n\t\t<\/section>\n\t\t\t\t<section class=\"elementor-section elementor-top-section elementor-element elementor-element-44cc36f elementor-section-boxed elementor-section-height-default elementor-section-height-default parallax_section_no qode_elementor_container_no\" data-id=\"44cc36f\" data-element_type=\"section\" data-e-type=\"section\">\n\t\t\t\t\t\t<div class=\"elementor-container elementor-column-gap-default\">\n\t\t\t\t\t<div class=\"elementor-column elementor-col-50 elementor-top-column elementor-element elementor-element-c32d0c7\" data-id=\"c32d0c7\" data-element_type=\"column\" data-e-type=\"column\">\n\t\t\t<div class=\"elementor-widget-wrap elementor-element-populated\">\n\t\t\t\t\t\t<div class=\"elementor-element elementor-element-a90d230 elementor-widget elementor-widget-image\" data-id=\"a90d230\" data-element_type=\"widget\" data-e-type=\"widget\" data-widget_type=\"image.default\">\n\t\t\t\t<div class=\"elementor-widget-container\">\n\t\t\t\t\t\t\t\t\t\t\t\t\t\t\t<img loading=\"lazy\" decoding=\"async\" width=\"1024\" height=\"681\" src=\"https:\/\/www.anita-flamenco.fr\/wp-content\/uploads\/2025\/07\/Spectacle-fin-dannee-Hispaniola-161_069-1024x681.jpg\" class=\"attachment-large size-large wp-image-465\" alt=\"\" srcset=\"https:\/\/www.anita-flamenco.fr\/wp-content\/uploads\/2025\/07\/Spectacle-fin-dannee-Hispaniola-161_069-1024x681.jpg 1024w, https:\/\/www.anita-flamenco.fr\/wp-content\/uploads\/2025\/07\/Spectacle-fin-dannee-Hispaniola-161_069-300x200.jpg 300w, https:\/\/www.anita-flamenco.fr\/wp-content\/uploads\/2025\/07\/Spectacle-fin-dannee-Hispaniola-161_069-768x511.jpg 768w, https:\/\/www.anita-flamenco.fr\/wp-content\/uploads\/2025\/07\/Spectacle-fin-dannee-Hispaniola-161_069-1536x1022.jpg 1536w, https:\/\/www.anita-flamenco.fr\/wp-content\/uploads\/2025\/07\/Spectacle-fin-dannee-Hispaniola-161_069-2048x1363.jpg 2048w, https:\/\/www.anita-flamenco.fr\/wp-content\/uploads\/2025\/07\/Spectacle-fin-dannee-Hispaniola-161_069-700x466.jpg 700w\" sizes=\"(max-width: 1024px) 100vw, 1024px\" \/>\t\t\t\t\t\t\t\t\t\t\t\t\t\t\t<\/div>\n\t\t\t\t<\/div>\n\t\t\t\t\t<\/div>\n\t\t<\/div>\n\t\t\t\t<div class=\"elementor-column elementor-col-50 elementor-top-column elementor-element elementor-element-6016091\" data-id=\"6016091\" data-element_type=\"column\" data-e-type=\"column\">\n\t\t\t<div class=\"elementor-widget-wrap elementor-element-populated\">\n\t\t\t\t\t\t<div class=\"elementor-element elementor-element-7cc671f elementor-widget elementor-widget-image\" data-id=\"7cc671f\" data-element_type=\"widget\" data-e-type=\"widget\" data-widget_type=\"image.default\">\n\t\t\t\t<div class=\"elementor-widget-container\">\n\t\t\t\t\t\t\t\t\t\t\t\t\t\t\t<img loading=\"lazy\" decoding=\"async\" width=\"1024\" height=\"576\" src=\"https:\/\/www.anita-flamenco.fr\/wp-content\/uploads\/2025\/07\/Flamenco-2023-249-1024x576.jpg\" class=\"attachment-large size-large wp-image-466\" alt=\"\" srcset=\"https:\/\/www.anita-flamenco.fr\/wp-content\/uploads\/2025\/07\/Flamenco-2023-249-1024x576.jpg 1024w, https:\/\/www.anita-flamenco.fr\/wp-content\/uploads\/2025\/07\/Flamenco-2023-249-300x169.jpg 300w, https:\/\/www.anita-flamenco.fr\/wp-content\/uploads\/2025\/07\/Flamenco-2023-249-768x432.jpg 768w, https:\/\/www.anita-flamenco.fr\/wp-content\/uploads\/2025\/07\/Flamenco-2023-249-1536x864.jpg 1536w, https:\/\/www.anita-flamenco.fr\/wp-content\/uploads\/2025\/07\/Flamenco-2023-249-2048x1152.jpg 2048w, https:\/\/www.anita-flamenco.fr\/wp-content\/uploads\/2025\/07\/Flamenco-2023-249-700x394.jpg 700w, https:\/\/www.anita-flamenco.fr\/wp-content\/uploads\/2025\/07\/Flamenco-2023-249-539x303.jpg 539w\" sizes=\"(max-width: 1024px) 100vw, 1024px\" \/>\t\t\t\t\t\t\t\t\t\t\t\t\t\t\t<\/div>\n\t\t\t\t<\/div>\n\t\t\t\t\t<\/div>\n\t\t<\/div>\n\t\t\t\t\t<\/div>\n\t\t<\/section>\n\t\t\t\t<\/div>\n\t\t","protected":false},"excerpt":{"rendered":"<p>ATELIERS CHOR\u00c9GRAPHIQUES Anita Hernandez poursuit son parcours de chor\u00e9graphe en accompagnant tous les ans des groupes de danseurs et danseuses amateurs qui se produisent en spectacle pour leur loisir et lui renouvellent leur confiance pour cr\u00e9er des chor\u00e9graphies. Elle partage ainsi ses chor\u00e9graphie et son&#8230;<\/p>\n","protected":false},"author":1,"featured_media":0,"parent":0,"menu_order":0,"comment_status":"closed","ping_status":"closed","template":"","meta":{"footnotes":""},"class_list":["post-228","page","type-page","status-publish","hentry"],"_links":{"self":[{"href":"https:\/\/www.anita-flamenco.fr\/index.php\/wp-json\/wp\/v2\/pages\/228","targetHints":{"allow":["GET"]}}],"collection":[{"href":"https:\/\/www.anita-flamenco.fr\/index.php\/wp-json\/wp\/v2\/pages"}],"about":[{"href":"https:\/\/www.anita-flamenco.fr\/index.php\/wp-json\/wp\/v2\/types\/page"}],"author":[{"embeddable":true,"href":"https:\/\/www.anita-flamenco.fr\/index.php\/wp-json\/wp\/v2\/users\/1"}],"replies":[{"embeddable":true,"href":"https:\/\/www.anita-flamenco.fr\/index.php\/wp-json\/wp\/v2\/comments?post=228"}],"version-history":[{"count":24,"href":"https:\/\/www.anita-flamenco.fr\/index.php\/wp-json\/wp\/v2\/pages\/228\/revisions"}],"predecessor-version":[{"id":559,"href":"https:\/\/www.anita-flamenco.fr\/index.php\/wp-json\/wp\/v2\/pages\/228\/revisions\/559"}],"wp:attachment":[{"href":"https:\/\/www.anita-flamenco.fr\/index.php\/wp-json\/wp\/v2\/media?parent=228"}],"curies":[{"name":"wp","href":"https:\/\/api.w.org\/{rel}","templated":true}]}}

Ateliers chorégraphiques

<div data-elementor-type="wp-page" data-elementor-id="228" class="elementor elementor-228" data-elementor-post-type="page">
						<section class="elementor-section elementor-top-section elementor-element elementor-element-95c1155 elementor-section-boxed elementor-section-height-default elementor-section-height-default parallax_section_no qode_elementor_container_no" data-id="95c1155" data-element_type="section" data-e-type="section">
						<div class="elementor-container elementor-column-gap-default">
					<div class="elementor-column elementor-col-100 elementor-top-column elementor-element elementor-element-769470c" data-id="769470c" data-element_type="column" data-e-type="column">
			<div class="elementor-widget-wrap elementor-element-populated">
						<div class="elementor-element elementor-element-c1b29f9 elementor-widget elementor-widget-text-editor" data-id="c1b29f9" data-element_type="widget" data-e-type="widget" data-widget_type="text-editor.default">
				<div class="elementor-widget-container">
									<h1>ATELIERS CHORÉGRAPHIQUES</h1>								</div>
				</div>
					</div>
		</div>
					</div>
		</section>
				<section class="elementor-section elementor-top-section elementor-element elementor-element-25c2629 elementor-section-boxed elementor-section-height-default elementor-section-height-default parallax_section_no qode_elementor_container_no" data-id="25c2629" data-element_type="section" data-e-type="section">
						<div class="elementor-container elementor-column-gap-default">
					<div class="elementor-column elementor-col-33 elementor-top-column elementor-element elementor-element-bba808f" data-id="bba808f" data-element_type="column" data-e-type="column">
			<div class="elementor-widget-wrap elementor-element-populated">
						<div class="elementor-element elementor-element-a533136 elementor-widget elementor-widget-image" data-id="a533136" data-element_type="widget" data-e-type="widget" data-widget_type="image.default">
				<div class="elementor-widget-container">
															<img fetchpriority="high" decoding="async" width="682" height="1024" src="https://www.anita-flamenco.fr/wp-content/uploads/2025/07/86-682x1024.jpg" class="attachment-large size-large wp-image-462" alt="" srcset="https://www.anita-flamenco.fr/wp-content/uploads/2025/07/86-682x1024.jpg 682w, https://www.anita-flamenco.fr/wp-content/uploads/2025/07/86-200x300.jpg 200w, https://www.anita-flamenco.fr/wp-content/uploads/2025/07/86-768x1154.jpg 768w, https://www.anita-flamenco.fr/wp-content/uploads/2025/07/86-1022x1536.jpg 1022w, https://www.anita-flamenco.fr/wp-content/uploads/2025/07/86-1363x2048.jpg 1363w, https://www.anita-flamenco.fr/wp-content/uploads/2025/07/86-700x1052.jpg 700w, https://www.anita-flamenco.fr/wp-content/uploads/2025/07/86-scaled.jpg 1704w" sizes="(max-width: 682px) 100vw, 682px" />															</div>
				</div>
					</div>
		</div>
				<div class="elementor-column elementor-col-33 elementor-top-column elementor-element elementor-element-0010a37" data-id="0010a37" data-element_type="column" data-e-type="column">
			<div class="elementor-widget-wrap elementor-element-populated">
						<div class="elementor-element elementor-element-0efa35c elementor-widget elementor-widget-image" data-id="0efa35c" data-element_type="widget" data-e-type="widget" data-widget_type="image.default">
				<div class="elementor-widget-container">
															<img decoding="async" width="1024" height="682" src="https://www.anita-flamenco.fr/wp-content/uploads/2025/07/4-1024x682.jpg" class="attachment-large size-large wp-image-461" alt="" srcset="https://www.anita-flamenco.fr/wp-content/uploads/2025/07/4-1024x682.jpg 1024w, https://www.anita-flamenco.fr/wp-content/uploads/2025/07/4-300x200.jpg 300w, https://www.anita-flamenco.fr/wp-content/uploads/2025/07/4-768x511.jpg 768w, https://www.anita-flamenco.fr/wp-content/uploads/2025/07/4-1536x1022.jpg 1536w, https://www.anita-flamenco.fr/wp-content/uploads/2025/07/4-700x466.jpg 700w, https://www.anita-flamenco.fr/wp-content/uploads/2025/07/4.jpg 2048w" sizes="(max-width: 1024px) 100vw, 1024px" />															</div>
				</div>
					</div>
		</div>
				<div class="elementor-column elementor-col-33 elementor-top-column elementor-element elementor-element-547af50" data-id="547af50" data-element_type="column" data-e-type="column">
			<div class="elementor-widget-wrap elementor-element-populated">
						<div class="elementor-element elementor-element-0a63679 elementor-widget elementor-widget-image" data-id="0a63679" data-element_type="widget" data-e-type="widget" data-widget_type="image.default">
				<div class="elementor-widget-container">
															<img decoding="async" width="682" height="1024" src="https://www.anita-flamenco.fr/wp-content/uploads/2025/07/12-682x1024.jpg" class="attachment-large size-large wp-image-463" alt="" srcset="https://www.anita-flamenco.fr/wp-content/uploads/2025/07/12-682x1024.jpg 682w, https://www.anita-flamenco.fr/wp-content/uploads/2025/07/12-200x300.jpg 200w, https://www.anita-flamenco.fr/wp-content/uploads/2025/07/12-768x1154.jpg 768w, https://www.anita-flamenco.fr/wp-content/uploads/2025/07/12-1022x1536.jpg 1022w, https://www.anita-flamenco.fr/wp-content/uploads/2025/07/12-700x1052.jpg 700w, https://www.anita-flamenco.fr/wp-content/uploads/2025/07/12.jpg 1363w" sizes="(max-width: 682px) 100vw, 682px" />															</div>
				</div>
					</div>
		</div>
					</div>
		</section>
				<section class="elementor-section elementor-top-section elementor-element elementor-element-9f40cf6 elementor-section-boxed elementor-section-height-default elementor-section-height-default parallax_section_no qode_elementor_container_no" data-id="9f40cf6" data-element_type="section" data-e-type="section">
						<div class="elementor-container elementor-column-gap-default">
					<div class="elementor-column elementor-col-100 elementor-top-column elementor-element elementor-element-75f0666" data-id="75f0666" data-element_type="column" data-e-type="column">
			<div class="elementor-widget-wrap elementor-element-populated">
						<div class="elementor-element elementor-element-cec44e7 elementor-widget elementor-widget-text-editor" data-id="cec44e7" data-element_type="widget" data-e-type="widget" data-widget_type="text-editor.default">
				<div class="elementor-widget-container">
									<p class="p1">Anita Hernandez poursuit son parcours de chorégraphe en accompagnant tous les ans des groupes de danseurs et danseuses amateurs qui se produisent en spectacle pour leur loisir et lui renouvellent leur confiance pour créer des chorégraphies.<br /><br />Elle partage ainsi ses chorégraphie et son savoir technique avec tous ceux et celles qui se passionnent pour le Flamenco.<br /><br />Au delà du partage de la danse et des chorégraphies, Anita fait de chaque répétition un moment de plaisir où chacun trouve sa place et bénéficie de ses conseilles par une approche mêlant respect, exigence et encouragements.<br /><br />Le spectacle est toujours de qualité et se vit dans la joie, la bonne humeur et la solidarité, c&rsquo;est une expérience humaine épanouissante et enrichissante.</p>								</div>
				</div>
					</div>
		</div>
					</div>
		</section>
				<section class="elementor-section elementor-top-section elementor-element elementor-element-44cc36f elementor-section-boxed elementor-section-height-default elementor-section-height-default parallax_section_no qode_elementor_container_no" data-id="44cc36f" data-element_type="section" data-e-type="section">
						<div class="elementor-container elementor-column-gap-default">
					<div class="elementor-column elementor-col-50 elementor-top-column elementor-element elementor-element-c32d0c7" data-id="c32d0c7" data-element_type="column" data-e-type="column">
			<div class="elementor-widget-wrap elementor-element-populated">
						<div class="elementor-element elementor-element-a90d230 elementor-widget elementor-widget-image" data-id="a90d230" data-element_type="widget" data-e-type="widget" data-widget_type="image.default">
				<div class="elementor-widget-container">
															<img loading="lazy" decoding="async" width="1024" height="681" src="https://www.anita-flamenco.fr/wp-content/uploads/2025/07/Spectacle-fin-dannee-Hispaniola-161_069-1024x681.jpg" class="attachment-large size-large wp-image-465" alt="" srcset="https://www.anita-flamenco.fr/wp-content/uploads/2025/07/Spectacle-fin-dannee-Hispaniola-161_069-1024x681.jpg 1024w, https://www.anita-flamenco.fr/wp-content/uploads/2025/07/Spectacle-fin-dannee-Hispaniola-161_069-300x200.jpg 300w, https://www.anita-flamenco.fr/wp-content/uploads/2025/07/Spectacle-fin-dannee-Hispaniola-161_069-768x511.jpg 768w, https://www.anita-flamenco.fr/wp-content/uploads/2025/07/Spectacle-fin-dannee-Hispaniola-161_069-1536x1022.jpg 1536w, https://www.anita-flamenco.fr/wp-content/uploads/2025/07/Spectacle-fin-dannee-Hispaniola-161_069-2048x1363.jpg 2048w, https://www.anita-flamenco.fr/wp-content/uploads/2025/07/Spectacle-fin-dannee-Hispaniola-161_069-700x466.jpg 700w" sizes="(max-width: 1024px) 100vw, 1024px" />															</div>
				</div>
					</div>
		</div>
				<div class="elementor-column elementor-col-50 elementor-top-column elementor-element elementor-element-6016091" data-id="6016091" data-element_type="column" data-e-type="column">
			<div class="elementor-widget-wrap elementor-element-populated">
						<div class="elementor-element elementor-element-7cc671f elementor-widget elementor-widget-image" data-id="7cc671f" data-element_type="widget" data-e-type="widget" data-widget_type="image.default">
				<div class="elementor-widget-container">
															<img loading="lazy" decoding="async" width="1024" height="576" src="https://www.anita-flamenco.fr/wp-content/uploads/2025/07/Flamenco-2023-249-1024x576.jpg" class="attachment-large size-large wp-image-466" alt="" srcset="https://www.anita-flamenco.fr/wp-content/uploads/2025/07/Flamenco-2023-249-1024x576.jpg 1024w, https://www.anita-flamenco.fr/wp-content/uploads/2025/07/Flamenco-2023-249-300x169.jpg 300w, https://www.anita-flamenco.fr/wp-content/uploads/2025/07/Flamenco-2023-249-768x432.jpg 768w, https://www.anita-flamenco.fr/wp-content/uploads/2025/07/Flamenco-2023-249-1536x864.jpg 1536w, https://www.anita-flamenco.fr/wp-content/uploads/2025/07/Flamenco-2023-249-2048x1152.jpg 2048w, https://www.anita-flamenco.fr/wp-content/uploads/2025/07/Flamenco-2023-249-700x394.jpg 700w, https://www.anita-flamenco.fr/wp-content/uploads/2025/07/Flamenco-2023-249-539x303.jpg 539w" sizes="(max-width: 1024px) 100vw, 1024px" />															</div>
				</div>
					</div>
		</div>
					</div>
		</section>
				</div>

<p>ATELIERS CHORÉGRAPHIQUES Anita Hernandez poursuit son parcours de chorégraphe en accompagnant tous les ans des groupes de danseurs et danseuses amateurs qui se produisent en spectacle pour leur loisir et lui renouvellent leur confiance pour créer des chorégraphies. Elle partage ainsi ses chorégraphie et son&#8230;</p>
