{"id":231,"date":"2022-12-19T11:12:40","date_gmt":"2022-12-19T11:12:40","guid":{"rendered":"https:\/\/www.anita-flamenco.fr\/?page_id=231"},"modified":"2025-08-02T18:35:17","modified_gmt":"2025-08-02T18:35:17","slug":"biographie","status":"publish","type":"page","link":"https:\/\/www.anita-flamenco.fr\/index.php\/biographie\/","title":{"rendered":"Biographie"},"content":{"rendered":"\t\t<div data-elementor-type=\"wp-page\" data-elementor-id=\"231\" class=\"elementor elementor-231\" data-elementor-post-type=\"page\">\n\t\t\t\t\t\t<section class=\"elementor-section elementor-top-section elementor-element elementor-element-f8e918b elementor-section-boxed elementor-section-height-default elementor-section-height-default parallax_section_no qode_elementor_container_no\" data-id=\"f8e918b\" data-element_type=\"section\" data-e-type=\"section\">\n\t\t\t\t\t\t<div class=\"elementor-container elementor-column-gap-default\">\n\t\t\t\t\t<div class=\"elementor-column elementor-col-100 elementor-top-column elementor-element elementor-element-4d3b2ce\" data-id=\"4d3b2ce\" data-element_type=\"column\" data-e-type=\"column\">\n\t\t\t<div class=\"elementor-widget-wrap elementor-element-populated\">\n\t\t\t\t\t\t<div class=\"elementor-element elementor-element-f5848bf elementor-widget elementor-widget-text-editor\" data-id=\"f5848bf\" data-element_type=\"widget\" data-e-type=\"widget\" data-widget_type=\"text-editor.default\">\n\t\t\t\t<div class=\"elementor-widget-container\">\n\t\t\t\t\t\t\t\t\t<h1>ANITA HERNANDEZ<br \/>CHANTEUSE ET DANSEUSE<br \/>DE FLAMENCO<\/h1>\t\t\t\t\t\t\t\t<\/div>\n\t\t\t\t<\/div>\n\t\t\t\t\t<\/div>\n\t\t<\/div>\n\t\t\t\t\t<\/div>\n\t\t<\/section>\n\t\t\t\t<section class=\"elementor-section elementor-top-section elementor-element elementor-element-d30287f elementor-section-boxed elementor-section-height-default elementor-section-height-default parallax_section_no qode_elementor_container_no\" data-id=\"d30287f\" data-element_type=\"section\" data-e-type=\"section\">\n\t\t\t\t\t\t<div class=\"elementor-container elementor-column-gap-default\">\n\t\t\t\t\t<div class=\"elementor-column elementor-col-50 elementor-top-column elementor-element elementor-element-7a9db0f\" data-id=\"7a9db0f\" data-element_type=\"column\" data-e-type=\"column\">\n\t\t\t<div class=\"elementor-widget-wrap elementor-element-populated\">\n\t\t\t\t\t\t<div class=\"elementor-element elementor-element-17a83cd elementor-widget elementor-widget-text-editor\" data-id=\"17a83cd\" data-element_type=\"widget\" data-e-type=\"widget\" data-widget_type=\"text-editor.default\">\n\t\t\t\t<div class=\"elementor-widget-container\">\n\t\t\t\t\t\t\t\t\t<p><span style=\"text-decoration: underline;\"><strong>Danse Flamenca<br \/><br \/><\/strong><\/span><\/p><p>\u00a0<\/p><p>Anita Hernandez fait ses premiers pas de flamenco \u00e0 Paris et poursuis sa formation en Espagne \u00e0 la prestigieuse Academie \u00ab\u00a0Amor de Dios\u00a0\u00bb de Madrid et \u00e0 S\u00e9ville aupr\u00e8s d\u2019Artistes de renom : Manuel et Antonio Reyes Maya, Marta Jimenez, Guadalupe Torres, Antonio Canales, Angel Rojas, El Oruco, Alejandro Rodriguez , La Farruca\u2026<br \/><br \/><\/p><p>Elle danse en tant qu\u2019interpr\u00e8te sur diff\u00e9rents projets depuis 2003 et se consacre surtout depuis 2013\u00a0\u00a0\u00e0 la r\u00e9alisation de spectacles traditionnels chor\u00e9graphiques pour diff\u00e9rentes structures.<\/p>\t\t\t\t\t\t\t\t<\/div>\n\t\t\t\t<\/div>\n\t\t\t\t\t<\/div>\n\t\t<\/div>\n\t\t\t\t<div class=\"elementor-column elementor-col-50 elementor-top-column elementor-element elementor-element-1ca627a\" data-id=\"1ca627a\" data-element_type=\"column\" data-e-type=\"column\">\n\t\t\t<div class=\"elementor-widget-wrap elementor-element-populated\">\n\t\t\t\t\t\t<div class=\"elementor-element elementor-element-d1cd3ca elementor-widget elementor-widget-image\" data-id=\"d1cd3ca\" data-element_type=\"widget\" data-e-type=\"widget\" data-widget_type=\"image.default\">\n\t\t\t\t<div class=\"elementor-widget-container\">\n\t\t\t\t\t\t\t\t\t\t\t\t\t\t\t<img fetchpriority=\"high\" decoding=\"async\" width=\"681\" height=\"1024\" src=\"https:\/\/www.anita-flamenco.fr\/wp-content\/uploads\/2025\/08\/Anita-Pont-Rouge-1383-681x1024.jpg\" class=\"attachment-large size-large wp-image-532\" alt=\"\" srcset=\"https:\/\/www.anita-flamenco.fr\/wp-content\/uploads\/2025\/08\/Anita-Pont-Rouge-1383-681x1024.jpg 681w, https:\/\/www.anita-flamenco.fr\/wp-content\/uploads\/2025\/08\/Anita-Pont-Rouge-1383-200x300.jpg 200w, https:\/\/www.anita-flamenco.fr\/wp-content\/uploads\/2025\/08\/Anita-Pont-Rouge-1383-768x1154.jpg 768w, https:\/\/www.anita-flamenco.fr\/wp-content\/uploads\/2025\/08\/Anita-Pont-Rouge-1383-1022x1536.jpg 1022w, https:\/\/www.anita-flamenco.fr\/wp-content\/uploads\/2025\/08\/Anita-Pont-Rouge-1383-1363x2048.jpg 1363w, https:\/\/www.anita-flamenco.fr\/wp-content\/uploads\/2025\/08\/Anita-Pont-Rouge-1383-700x1052.jpg 700w, https:\/\/www.anita-flamenco.fr\/wp-content\/uploads\/2025\/08\/Anita-Pont-Rouge-1383-scaled.jpg 1704w\" sizes=\"(max-width: 681px) 100vw, 681px\" \/>\t\t\t\t\t\t\t\t\t\t\t\t\t\t\t<\/div>\n\t\t\t\t<\/div>\n\t\t\t\t\t<\/div>\n\t\t<\/div>\n\t\t\t\t\t<\/div>\n\t\t<\/section>\n\t\t\t\t<section class=\"elementor-section elementor-top-section elementor-element elementor-element-e49c7a0 elementor-section-boxed elementor-section-height-default elementor-section-height-default parallax_section_no qode_elementor_container_no\" data-id=\"e49c7a0\" data-element_type=\"section\" data-e-type=\"section\">\n\t\t\t\t\t\t<div class=\"elementor-container elementor-column-gap-default\">\n\t\t\t\t\t<div class=\"elementor-column elementor-col-50 elementor-top-column elementor-element elementor-element-0ebc944\" data-id=\"0ebc944\" data-element_type=\"column\" data-e-type=\"column\">\n\t\t\t<div class=\"elementor-widget-wrap elementor-element-populated\">\n\t\t\t\t\t\t<div class=\"elementor-element elementor-element-60313b6 elementor-widget elementor-widget-image\" data-id=\"60313b6\" data-element_type=\"widget\" data-e-type=\"widget\" data-widget_type=\"image.default\">\n\t\t\t\t<div class=\"elementor-widget-container\">\n\t\t\t\t\t\t\t\t\t\t\t\t\t\t\t<img decoding=\"async\" width=\"682\" height=\"1024\" src=\"https:\/\/www.anita-flamenco.fr\/wp-content\/uploads\/2025\/08\/14-682x1024.jpg\" class=\"attachment-large size-large wp-image-534\" alt=\"\" srcset=\"https:\/\/www.anita-flamenco.fr\/wp-content\/uploads\/2025\/08\/14-682x1024.jpg 682w, https:\/\/www.anita-flamenco.fr\/wp-content\/uploads\/2025\/08\/14-200x300.jpg 200w, https:\/\/www.anita-flamenco.fr\/wp-content\/uploads\/2025\/08\/14-768x1154.jpg 768w, https:\/\/www.anita-flamenco.fr\/wp-content\/uploads\/2025\/08\/14-1022x1536.jpg 1022w, https:\/\/www.anita-flamenco.fr\/wp-content\/uploads\/2025\/08\/14-700x1052.jpg 700w, https:\/\/www.anita-flamenco.fr\/wp-content\/uploads\/2025\/08\/14.jpg 1363w\" sizes=\"(max-width: 682px) 100vw, 682px\" \/>\t\t\t\t\t\t\t\t\t\t\t\t\t\t\t<\/div>\n\t\t\t\t<\/div>\n\t\t\t\t\t<\/div>\n\t\t<\/div>\n\t\t\t\t<div class=\"elementor-column elementor-col-50 elementor-top-column elementor-element elementor-element-052865b\" data-id=\"052865b\" data-element_type=\"column\" data-e-type=\"column\">\n\t\t\t<div class=\"elementor-widget-wrap elementor-element-populated\">\n\t\t\t\t\t\t<div class=\"elementor-element elementor-element-d6967a7 elementor-widget elementor-widget-text-editor\" data-id=\"d6967a7\" data-element_type=\"widget\" data-e-type=\"widget\" data-widget_type=\"text-editor.default\">\n\t\t\t\t<div class=\"elementor-widget-container\">\n\t\t\t\t\t\t\t\t\t<p><span style=\"text-decoration: underline;\"><strong>Chant flamenco<br \/><\/strong><\/span><br \/>Anita Hernandez travaille le chant flamenco en autodidacte depuis 15 ans et suit des cours avec C\u00e9cile Evrot.<br \/><br \/>Elle se produit en tant que chanteuse Flamenco depuis 12 ans et collabore avec plusieurs artistes sur diff\u00e9rents spectacles.<br \/><br \/>Dot\u00e9e d\u2019une tr\u00e8s jolie voix et d\u2019un sens aiguis\u00e9 du rythme, elle <br \/>interpr\u00e8te le chant Flamenco avec justesse et sensibilit\u00e9.<br \/><br \/>Connaissant tr\u00e8s bien les structures de la danse en tant que danseuse \/chor\u00e9graphe, c\u2019est un atout pr\u00e9cieux et essentiel pour travailler avec les danseurs.\u00a0<\/p>\t\t\t\t\t\t\t\t<\/div>\n\t\t\t\t<\/div>\n\t\t\t\t\t<\/div>\n\t\t<\/div>\n\t\t\t\t\t<\/div>\n\t\t<\/section>\n\t\t\t\t<\/div>\n\t\t","protected":false},"excerpt":{"rendered":"<p>ANITA HERNANDEZCHANTEUSE ET DANSEUSEDE FLAMENCO Danse Flamenca \u00a0 Anita Hernandez fait ses premiers pas de flamenco \u00e0 Paris et poursuis sa formation en Espagne \u00e0 la prestigieuse Academie \u00ab\u00a0Amor de Dios\u00a0\u00bb de Madrid et \u00e0 S\u00e9ville aupr\u00e8s d\u2019Artistes de renom : Manuel et Antonio Reyes&#8230;<\/p>\n","protected":false},"author":1,"featured_media":0,"parent":0,"menu_order":0,"comment_status":"closed","ping_status":"closed","template":"","meta":{"footnotes":""},"class_list":["post-231","page","type-page","status-publish","hentry"],"_links":{"self":[{"href":"https:\/\/www.anita-flamenco.fr\/index.php\/wp-json\/wp\/v2\/pages\/231","targetHints":{"allow":["GET"]}}],"collection":[{"href":"https:\/\/www.anita-flamenco.fr\/index.php\/wp-json\/wp\/v2\/pages"}],"about":[{"href":"https:\/\/www.anita-flamenco.fr\/index.php\/wp-json\/wp\/v2\/types\/page"}],"author":[{"embeddable":true,"href":"https:\/\/www.anita-flamenco.fr\/index.php\/wp-json\/wp\/v2\/users\/1"}],"replies":[{"embeddable":true,"href":"https:\/\/www.anita-flamenco.fr\/index.php\/wp-json\/wp\/v2\/comments?post=231"}],"version-history":[{"count":34,"href":"https:\/\/www.anita-flamenco.fr\/index.php\/wp-json\/wp\/v2\/pages\/231\/revisions"}],"predecessor-version":[{"id":593,"href":"https:\/\/www.anita-flamenco.fr\/index.php\/wp-json\/wp\/v2\/pages\/231\/revisions\/593"}],"wp:attachment":[{"href":"https:\/\/www.anita-flamenco.fr\/index.php\/wp-json\/wp\/v2\/media?parent=231"}],"curies":[{"name":"wp","href":"https:\/\/api.w.org\/{rel}","templated":true}]}}

<div data-elementor-type="wp-page" data-elementor-id="231" class="elementor elementor-231" data-elementor-post-type="page">
						<section class="elementor-section elementor-top-section elementor-element elementor-element-f8e918b elementor-section-boxed elementor-section-height-default elementor-section-height-default parallax_section_no qode_elementor_container_no" data-id="f8e918b" data-element_type="section" data-e-type="section">
						<div class="elementor-container elementor-column-gap-default">
					<div class="elementor-column elementor-col-100 elementor-top-column elementor-element elementor-element-4d3b2ce" data-id="4d3b2ce" data-element_type="column" data-e-type="column">
			<div class="elementor-widget-wrap elementor-element-populated">
						<div class="elementor-element elementor-element-f5848bf elementor-widget elementor-widget-text-editor" data-id="f5848bf" data-element_type="widget" data-e-type="widget" data-widget_type="text-editor.default">
				<div class="elementor-widget-container">
									<h1>ANITA HERNANDEZ<br />CHANTEUSE ET DANSEUSE<br />DE FLAMENCO</h1>								</div>
				</div>
					</div>
		</div>
					</div>
		</section>
				<section class="elementor-section elementor-top-section elementor-element elementor-element-d30287f elementor-section-boxed elementor-section-height-default elementor-section-height-default parallax_section_no qode_elementor_container_no" data-id="d30287f" data-element_type="section" data-e-type="section">
						<div class="elementor-container elementor-column-gap-default">
					<div class="elementor-column elementor-col-50 elementor-top-column elementor-element elementor-element-7a9db0f" data-id="7a9db0f" data-element_type="column" data-e-type="column">
			<div class="elementor-widget-wrap elementor-element-populated">
						<div class="elementor-element elementor-element-17a83cd elementor-widget elementor-widget-text-editor" data-id="17a83cd" data-element_type="widget" data-e-type="widget" data-widget_type="text-editor.default">
				<div class="elementor-widget-container">
									<p><span style="text-decoration: underline;"><strong>Danse Flamenca<br /><br /></strong></span></p><p> </p><p>Anita Hernandez fait ses premiers pas de flamenco à Paris et poursuis sa formation en Espagne à la prestigieuse Academie « Amor de Dios » de Madrid et à Séville auprès d’Artistes de renom : Manuel et Antonio Reyes Maya, Marta Jimenez, Guadalupe Torres, Antonio Canales, Angel Rojas, El Oruco, Alejandro Rodriguez , La Farruca…<br /><br /></p><p>Elle danse en tant qu’interprète sur différents projets depuis 2003 et se consacre surtout depuis 2013  à la réalisation de spectacles traditionnels chorégraphiques pour différentes structures.</p>								</div>
				</div>
					</div>
		</div>
				<div class="elementor-column elementor-col-50 elementor-top-column elementor-element elementor-element-1ca627a" data-id="1ca627a" data-element_type="column" data-e-type="column">
			<div class="elementor-widget-wrap elementor-element-populated">
						<div class="elementor-element elementor-element-d1cd3ca elementor-widget elementor-widget-image" data-id="d1cd3ca" data-element_type="widget" data-e-type="widget" data-widget_type="image.default">
				<div class="elementor-widget-container">
															<img fetchpriority="high" decoding="async" width="681" height="1024" src="https://www.anita-flamenco.fr/wp-content/uploads/2025/08/Anita-Pont-Rouge-1383-681x1024.jpg" class="attachment-large size-large wp-image-532" alt="" srcset="https://www.anita-flamenco.fr/wp-content/uploads/2025/08/Anita-Pont-Rouge-1383-681x1024.jpg 681w, https://www.anita-flamenco.fr/wp-content/uploads/2025/08/Anita-Pont-Rouge-1383-200x300.jpg 200w, https://www.anita-flamenco.fr/wp-content/uploads/2025/08/Anita-Pont-Rouge-1383-768x1154.jpg 768w, https://www.anita-flamenco.fr/wp-content/uploads/2025/08/Anita-Pont-Rouge-1383-1022x1536.jpg 1022w, https://www.anita-flamenco.fr/wp-content/uploads/2025/08/Anita-Pont-Rouge-1383-1363x2048.jpg 1363w, https://www.anita-flamenco.fr/wp-content/uploads/2025/08/Anita-Pont-Rouge-1383-700x1052.jpg 700w, https://www.anita-flamenco.fr/wp-content/uploads/2025/08/Anita-Pont-Rouge-1383-scaled.jpg 1704w" sizes="(max-width: 681px) 100vw, 681px" />															</div>
				</div>
					</div>
		</div>
					</div>
		</section>
				<section class="elementor-section elementor-top-section elementor-element elementor-element-e49c7a0 elementor-section-boxed elementor-section-height-default elementor-section-height-default parallax_section_no qode_elementor_container_no" data-id="e49c7a0" data-element_type="section" data-e-type="section">
						<div class="elementor-container elementor-column-gap-default">
					<div class="elementor-column elementor-col-50 elementor-top-column elementor-element elementor-element-0ebc944" data-id="0ebc944" data-element_type="column" data-e-type="column">
			<div class="elementor-widget-wrap elementor-element-populated">
						<div class="elementor-element elementor-element-60313b6 elementor-widget elementor-widget-image" data-id="60313b6" data-element_type="widget" data-e-type="widget" data-widget_type="image.default">
				<div class="elementor-widget-container">
															<img decoding="async" width="682" height="1024" src="https://www.anita-flamenco.fr/wp-content/uploads/2025/08/14-682x1024.jpg" class="attachment-large size-large wp-image-534" alt="" srcset="https://www.anita-flamenco.fr/wp-content/uploads/2025/08/14-682x1024.jpg 682w, https://www.anita-flamenco.fr/wp-content/uploads/2025/08/14-200x300.jpg 200w, https://www.anita-flamenco.fr/wp-content/uploads/2025/08/14-768x1154.jpg 768w, https://www.anita-flamenco.fr/wp-content/uploads/2025/08/14-1022x1536.jpg 1022w, https://www.anita-flamenco.fr/wp-content/uploads/2025/08/14-700x1052.jpg 700w, https://www.anita-flamenco.fr/wp-content/uploads/2025/08/14.jpg 1363w" sizes="(max-width: 682px) 100vw, 682px" />															</div>
				</div>
					</div>
		</div>
				<div class="elementor-column elementor-col-50 elementor-top-column elementor-element elementor-element-052865b" data-id="052865b" data-element_type="column" data-e-type="column">
			<div class="elementor-widget-wrap elementor-element-populated">
						<div class="elementor-element elementor-element-d6967a7 elementor-widget elementor-widget-text-editor" data-id="d6967a7" data-element_type="widget" data-e-type="widget" data-widget_type="text-editor.default">
				<div class="elementor-widget-container">
									<p><span style="text-decoration: underline;"><strong>Chant flamenco<br /></strong></span><br />Anita Hernandez travaille le chant flamenco en autodidacte depuis 15 ans et suit des cours avec Cécile Evrot.<br /><br />Elle se produit en tant que chanteuse Flamenco depuis 12 ans et collabore avec plusieurs artistes sur différents spectacles.<br /><br />Dotée d’une très jolie voix et d’un sens aiguisé du rythme, elle <br />interprète le chant Flamenco avec justesse et sensibilité.<br /><br />Connaissant très bien les structures de la danse en tant que danseuse /chorégraphe, c’est un atout précieux et essentiel pour travailler avec les danseurs. </p>								</div>
				</div>
					</div>
		</div>
					</div>
		</section>
				</div>

<p>ANITA HERNANDEZCHANTEUSE ET DANSEUSEDE FLAMENCO Danse Flamenca   Anita Hernandez fait ses premiers pas de flamenco à Paris et poursuis sa formation en Espagne à la prestigieuse Academie « Amor de Dios » de Madrid et à Séville auprès d’Artistes de renom : Manuel et Antonio Reyes&#8230;</p>
